 + -21. Suppose y*r - 46 + 34 = 0. Suppose 2*k - 101 = -u + 12, r*k = -5*u + 187. What are the prime factors of k?
2, 3
Let f = 6686 - -31026. What are the prime factors of f?
2, 2357
Let m be ((-4)/(24/(-9)))/(3/(-6)). Let g(u) = -2*u**3 - 7*u**2 - 6*u - 8. Let z be g(m). List the prime factors of 11/(-11) - -149*z.
2, 37
Let m(x) = 1747*x + 1002. List the prime factors of m(9).
3, 5, 223
Let m(a) be the first derivative of -a**5/6 - 2*a**4/3 - 32*a**3/3 + 31. Let i(u) be the third derivative of m(u). What are the prime factors of i(-10)?
2, 23
Let z(x) = -x. Suppose 0 = -4*a + 8 - 4. Let p(o) = -o**3 + 2*o**2 + 5*o - 5. Let g(j) = a*z(j) - p(j). List the prime factors of g(5).
2, 5
Suppose 24*n - 188 = 244. Suppose -22*a + 3408 = -n*a. List the prime factors of a.
2, 3, 71
Let b(k) = 3*k**2 - 36*k + 173. Let n be b(22). Suppose -13*z = n - 23089. What are the prime factors of z?
2, 107
Suppose 21*f + 20 = 125. List the prime factors of ((-4)/f)/((-14)/8225) - 2.
2, 3, 13
Let k(z) = 7*z**2 + 20*z. Let h be k(-15). Suppose -120 = -5*o + h. What are the prime factors of o?
3, 31
Let h(r) = 136*r + 147. Let c(o) = -o + 2. Let x(z) = -6*c(z) - h(z). What are the prime factors of x(-5)?
491
Let i be 5/3*12/4. Let s(p) = 3*p**2 + p - 25 - i*p - p**3 + 5*p**2 + 8*p**2. List the prime factors of s(15).
2, 5, 7
Let u(a) = -a**2 - 12*a + 10. Let m(b) = -b**2 - 11*b + 8. Let l(i) = -4*m(i) + 5*u(i). List the prime factors of l(-14).
2, 23
Suppose -97*h - 435424 - 932826 = -147*h. What are the prime factors of h?
5, 13, 421
Let b = 58123 + -18555. What are the prime factors of b?
2, 2473
Suppose 688 = 11*z - 566. Suppose 4*q + p + 4*p = 45, -p = 3*q - 31. Let x = q + z. What are the prime factors of x?
2, 31
Let m(x) = -x**3 - 38*x**2 - 94*x + 152. List the prime factors of m(-52).
2, 7, 383
Let t = 44 - 35. Suppose -4*s - t = 5*s. Let d(z) = -52*z + 2. What are the prime factors of d(s)?
2, 3
Let p(h) = -3499*h**3 - 12*h**2 - 10*h + 2. List the prime factors of p(-1).
3499
Let k = 28233 - 6472. What are the prime factors of k?
47, 463
Let u(f) = -4*f**2 + f - 1. Let j be u(-4). Let z = j - -151. What are the prime factors of 44/11*z/4?
2, 41
Let x = -5836 - -8564. What are the prime factors of x?
2, 11, 31
Suppose -t + 2*s = -1823, -9*t - s = 7277 - 23646. List the prime factors of t.
17, 107
Let d(l) be the first derivative of 31*l**2/2 + 188*l - 102. List the prime factors of d(26).
2, 7, 71
Let b(m) = 531*m + 248. What are the prime factors of b(5)?
2903
Suppose -170*q + 1264 = -154*q. List the prime factors of q.
79
Let s(g) = 1149*g + 21051. List the prime factors of s(-8).
3, 59, 67
Suppose 0 = 4*i + 17*q - 22*q - 1012, -2*q = 2*i - 488. Suppose -5*c + 74 = -v + i, c = -5. List the prime factors of v.
149
Suppose 4*a - 3*f - 1837 = 0, -11*a + 13*a + 2*f - 922 = 0. What are the prime factors of a?
2, 5, 23
What are the prime factors of (80/(-16) + -8)*-497?
7, 13, 71
Let y(g) = -5*g + 24. Let f = 34 + -31. Suppose 28 = -m - f*m - 4*r, -14 = 2*m + 4*r. List the prime factors of y(m).
59
Let d(z) = 300*z + 1056. List the prime factors of d(4).
2, 3, 47
Suppose 32*k - 8561592 = -184*k. What are the prime factors of k?
13, 3049
Let q(p) = 66*p**2 + 3*p + 6. Let x be (2 - 12/9)/((-1)/3). Let b be q(x). Suppose -2*t + b = 3*f, 48 = f - 3*t - 29. List the prime factors of f.
2, 43
Suppose -3*x + 19062 = 2*g, 2*x - 18*g - 12698 = -16*g. What are the prime factors of x?
2, 397
Suppose -19*f + 111935 + 23653 = -13*f. List the prime factors of f.
2, 11299
Let k = -100 - -183. Let n = -80 - -95. Let o = k - n. What are the prime factors of o?
2, 17
Let k = 52 - 50. Suppose c + 4*t = -2*c + 22, -8 = -k*t. Suppose 2*z = -c*a + 64, -z - 5*a + 98 = 2*z. What are the prime factors of z?
31
Let j be -6 + 20 + -6 + -6. Suppose -2*o = -j*y + y + 161, 5*y - 865 = -2*o. List the prime factors of y.
3, 19
Suppose 7*d - 400984 = n, 0 = -5*n + 45 - 25. What are the prime factors of d?
2, 14321
Let l(t) = -818*t**2 - t - 3. Let z be l(-1). Let f = -323 - z. List the prime factors of f.
7, 71
What are the prime factors of (-118166)/(-18) + -2 - 2/(-9)?
6563
Suppose -190*x + w - 18844 = -193*x, 0 = -3*x - 3*w + 18852. What are the prime factors of x?
2, 5, 157
Suppose -358442 - 822430 = -126*v. List the prime factors of v.
2, 3, 11, 71
Let p(s) = 2*s**3 - 9*s**2 - 15*s - 16. Suppose 5*h - 65 = -3*b, 3*h + 6*b - 4*b = 40. List the prime factors of p(h).
2, 467
Let l = -11 + 16. Let m be 3*(1 + 4)*12/l. Let x = 67 + m. List the prime factors of x.
103
Let n(k) = k**2 + 3*k - 2. Let i be n(1). Let b be ((-3)/(-4)*i)/(60/80). Suppose 0 = -p - 2 + 7, -3*g - b*p + 154 = 0. What are the prime factors of g?
2, 3
Let n(k) = -k**3 - 4*k**2 - 5*k + 5. Let c be n(-5). Suppose 4*t - 2*x = 56, -3*x - 2*x = 3*t - c. Suppose -31 = -4*g - t. What are the prime factors of g?
2
Let s be -3 + 3 + -8 + -4. List the prime factors of -695*((-8)/(-8))/(15/s).
2, 139
Let q = 101017 + -41588. What are the prime factors of q?
67, 887
Let z = 2403 + -757. List the prime factors of z.
2, 823
Suppose -1198*t = -1170*t - 933324. What are the prime factors of t?
3, 41, 271
Suppose -76*q = -18612 - 101012. List the prime factors of q.
2, 787
Let s(j) = 23*j**2 - 93*j + 1. Let k(l) = -9*l**2 + 3. Let x be k(-1). List the prime factors of s(x).
19, 73
Let t(c) = -42 + 36 - 25*c + 26 + 4*c. Let f be (6/(-5))/(9/30). What are the prime factors of t(f)?
2, 13
Let u = -6118 - -12240. List the prime factors of u.
2, 3061
Let w be 4/(-20) + (2/(-5))/(-2). Suppose w = 2*x + n + 90, 3*x + n = 4*n - 135. Let v = 48 - x. List the prime factors of v.
3, 31
Suppose -3*g = 3*n - 102, -6 = 3*g + 9. Suppose 11318 + 8104 = n*q. What are the prime factors of q?
2, 3, 83
Let r be ((-30)/9)/(4/(-6)). Suppose 20 = -r*x + 5, f + 13 = 3*x. Let m = 73 + f. List the prime factors of m.
3, 17
Suppose 4*i + i - 970 = 5*o, 0 = 3*i - o - 586. Suppose 190*k + 1728 = i*k. What are the prime factors of k?
2, 3
Suppose 0 = 5*y + 4*p - 3006 - 16937, -4*y + 2*p = -15944. What are the prime factors of y?
3, 443
Suppose -16*p + 18 = -13*p. Let a = 8 - p. Suppose u - 315 = -a*u. What are the prime factors of u?
3, 5, 7
Let n be (136/(-6))/((-4 - 2)/(-18)). Let p = 68 + n. Suppose 3*j - 4*q = 352, p*j - q - 117 = -j. What are the prime factors of j?
2, 29
Let t(p) = p**3 + 32*p**2 + 24*p - 146. List the prime factors of t(-14).
2, 1523
Let c = 903 + -907. Let b(r) = -117*r + 196. What are the prime factors of b(c)?
2, 83
What are the prime factors of 2 + 1273*(16 - (-3 + 4))?
13, 113
Let a(v) = 10*v**2 + 175*v + 2898. What are the prime factors of a(-41)?
83, 151
Let q be 27/9 + 1 + -1 + 1. Suppose -q*k + 522 = -82. List the prime factors of k.
151
Suppose 3*u = -5*i + 406, 6*i = 2*u + 3*i - 277. Let y = 177 + u. List the prime factors of y.
2, 157
Suppose -188 = -t + 2*b, -13*t - 940 = -18*t - 5*b. Suppose -s = -3*p - 160 + 458, 2*p = -2*s + t. List the prime factors of p.
2, 7
Let z be 301/14*(14 - 2). Let m = 846 - z. What are the prime factors of m?
2, 3, 7
Suppose 17*j = t + 13*j - 13270, 9*t = -3*j + 119391. List the prime factors of t.
2, 3, 11, 67
Suppose -106*q + 113*q = 46431. What are the prime factors of q?
3, 11, 67
Suppose d = 2*j + 5*d - 20, -11 = -5*j + 3*d. Let x = -6 - -16. Suppose m - x = -j. List the prime factors of m.
2, 3
Let x(r) = 24*r - 428. Let q be x(28). Suppose 882 - 332 = -5*o. Let n = o + q. List the prime factors of n.
2, 67
Suppose 0*w = -4*w. Let s(v) = v**3 - 2*v**2 - v + 632. List the prime factors of s(w).
2, 79
Suppose 3*o + 15*o = 20556. Let a = o - 718. List the prime factors of a.
2, 53
Suppose 410*x - 18912108 = -5917408 + 9672970. List the prime factors of x.
3, 6143
Suppose 0 = 3*c + 3*r + 6, -2*c - 3*r - 4 - 4 = 0. Suppose 0*b - 4*b = -2*v - 966, -c*b + 2*v + 484 = 0. What are the prime factors of b?
241
Let s(i) = -i - 3. Let m(d) = 517*d - 13. Let q(j) = m(j) + 6*s(j). List the prime factors of q(1).
2, 3, 5
Let t(m) = 2*m**3 - 8*m**2 - 12*m - 4. Let g be t(8). Suppose 0 = -5*f + f - g. Let x = -61 - f. List the prime factors of x.
2, 3, 7
Let s(q) = q**3 + 87*q**2 + 269*q + 129. What are the prime factors of s(-30)?
3, 97, 149
Suppose 25 = -19*d + 24*d. Suppose -k - 2*p + 172 = -251, -d*k + 4*p